(p) = -2*p**3 - 5*p - 3 + 3*p + 3*p**3 + 3*p**2. What is m(x)?
3
Let n(i) be the third derivative of i**4/24 + 7*i**3/6 + 7*i**2. Calculate n(-3).
4
Let r(j) = -3*j**2 - 1. Let v be -3 + 10/4 - (-9)/(-6). Calculate r(v).
-13
Let g(d) = -d**2 + 4*d + 11. Let i(x) = x**2 - 3*x - 10. Let n(c) = 3*g(c) + 4*i(c). What is n(0)?
-7
Let t(n) be the first derivative of n**2/2 - 11*n - 34. Calculate t(9).
-2
Suppose -o + 5*h = -3, 0*h - 2*h = 3*o + 42. Let r = o - -10. Let f(c) = -c + 2. What is f(r)?
4
Suppose -15 = 3*o + 6. Let c(y) = 2*y. Calculate c(o).
-14
Let w(i) be the first derivative of 8*i**3/3 + 6. Determine w(1).
8
Suppose 3 = 3*u, -16 = -3*q - 4*u + 3*u. Let d(v) = -v**3 + 3*v**2 + 3*v - 3. Let o be d(4). Let l = q + o. Let y(m) = -2*m. Give y(l).
4
Let w = 125 - 1499/12. Let p(j) be the second derivative of -j**3 + 5/2*j**2 + w*j**4 + 0 + 2*j. Calculate p(5).
0
Let w(x) = -x**3 + 6*x**2 - 4*x - 5. Suppose 28*v + 10 = 30*v. Calculate w(v).
0
Let o = -24 - -37. Let c = -18 + o. Let x(a) = -2*a - 7. Give x(c).
3
Let i(c) = c**3 - 2. Let g be i(0). Let d(u) = -u**2 + u. Let w(v) = 5*v**2 - 6*v + 1. Let p(m) = 11*d(m) + 2*w(m). Determine p(g).
0
Let a be (2 + 12)/(2/(-1)). Let x(k) = -k**2 - 6*k + 10. What is x(a)?
3
Let w(u) = 1 - 7*u**2 + u - 6*u**2 + 11*u**2 - u**3. Give w(-3).
7
Suppose 3*n = -n + 3*h + 74, 2*n - 40 = 3*h. Let t(y) = 0*y**3 + 22*y**2 - y**3 - n*y**2 + 6 + 6*y. Calculate t(6).
6
Let v(c) = -c**2 + 11*c - 10. Let a = 78 + -69. What is v(a)?
8
Let t(y) be the first derivative of -y**3/3 - 7*y**2/2 - 2*y + 2. Determine t(-7).
-2
Let f be (20/(-15) - 0)*3. Let h(o) = -o**3 - 4*o**2 + 4. Calculate h(f).
4
Let o(h) = -h**3 + 5*h**2 - 3*h + 5. Suppose c + 3*c - 8 = 0. Let u be 10*(1 - 1/c). Determine o(u).
-10
Let w(u) = -4*u**3 + 4*u - 4. Let p(o) = 4*o**3 - 5*o + 5. Let l(g) = 5*p(g) + 6*w(g). Let h be 1/(-4) - (-10)/8. What is l(h)?
-4
Suppose -1 - 3 = -2*s. Let w be (-11)/(-3) - s/3. Let g(b) = 2*b**2 - 3*b - 2. Give g(w).
7
Let v(i) be the third derivative of 1/24*i**4 + 1/60*i**5 + 5*i**2 + 0 + 0*i - 1/120*i**6 - 2/3*i**3. What is v(0)?
-4
Let v(s) = -6*s - 3. Let f(p) = 31*p + 16. Let b(h) = -2*f(h) - 11*v(h). Let a(g) = g**2 - 10*g - 27. Let r be a(12). Determine b(r).
-11
Suppose 2*v + 40 = -2*v. Let m(w) = -w**3 - 9*w**2 + 11*w + 8. Let z be m(v). Let f = z + 2. Let y(k) = -k**2 - k - 8. What is y(f)?
-8
Let o = 8 + -10. Suppose 5*g = -5*f + 20, -8 = -g - 2*f - 1. Let l(m) = -m**2 + 0 - m + 0 - g. What is l(o)?
-3
Let b(k) = 2*k + 1. Let z(i) = i + 1. Let u(j) = 2*b(j) - 6*z(j). Let g be ((-3)/(-6)*-10)/1. Give u(g).
6
Suppose -2*n + 5*n + 12 = 0. Let w(x) = -x**2 + 7*x + 1. Let p(v) = -v**2 + v - 1. Let q(s) = -2*p(s) + w(s). Determine q(n).
-1
Let a(n) = -2*n. Let m be a(-2). Let h(k) be the third derivative of k**5/60 - k**4/6 + k**3/3 - 4*k**2. What is h(m)?
2
Suppose 0 = 4*k + 5*j - 21, 2*k - 9 = 3*j - 4*j. Let r(v) = k*v**2 + 1 + v**3 + 3 - 5*v + 1. Suppose 4*o + 2*f - 5*f = -29, f = 3*o + 18. Calculate r(o).
5
Suppose 5*g - 9 = 1. Let x(m) = 8*m. What is x(g)?
16
Let h(r) be the first derivative of -r**2/2 - 6. Calculate h(-6).
6
Let d(y) = -5*y**3 - 2*y**2 - 4*y - 4. Let u(j) = -6*j**3 - 3*j**2 - 5*j - 4. Let r(o) = 7*d(o) - 6*u(o). What is r(-4)?
-12
Let s(b) = -b - 2. Let t = -6 - -24. Let r be t/(-5) - (-21)/35. What is s(r)?
1
Let s(l) = -10*l + 2 + 3 + 13*l - 1. Let z be 1/3 + 7/(-3). Let w be -1 + 1 + -1 + z. Calculate s(w).
-5
Suppose 5*u + 17 = -w + 8*u, 5*u = 25. Let z(c) = c**2 + 1. Determine z(w).
5
Let z(u) = 5*u + 13. Let o(c) = 3*c + 7. Let s(h) = 7*o(h) - 4*z(h). Give s(-3).
-6
Let c be (-2)/((-28)/8 - -3). Let r(g) be the second derivative of 0 - 2*g + 1/2*g**2 - 1/12*g**c + 2/3*g**3. What is r(5)?
-4
Let o(n) = -n**2 - 2*n + 1. Let b = -26 + 18. Let a be b/(-5)*(-15)/2. Let f be a/(-4)*1*-1. Give o(f).
-2
Let h(t) = t**2 - 2*t + 3. Let w be h(3). Let l(f) = f**2 - 6*f + 4. Determine l(w).
4
Let p be (-6 - -2) + (-6 - (3 - 6)). Let g(v) = v**2 + 7*v - 7. Calculate g(p).
-7
Suppose -2*l = 10, -4*l - 1 = i + 7. Let g = 19 - 29. Let h = g + i. Let s(n) = n**2 + 2*n - 3. What is s(h)?
5
Let q(p) = -p**3 - 5*p**2 + 9*p + 8. Let z(f) = 2*f**3 + 2*f**2 - 3*f - 4. Let y be z(-2). Give q(y).
-10
Suppose 11 = 4*p + 5*f - 14, -5*p + 20 = -5*f. Let x(h) = 3*h. What is x(p)?
15
Let a(r) = -5*r - 1. Let u(s) = s. Let f(y) = -a(y) + 2*u(y). Suppose -j - j + 8 = 0. Suppose 0 = j*k - 9 + 5. Determine f(k).
8
Let y(m) = m**3 - 5*m**2 - 5*m - 4. Let p = 84 - 78. Give y(p).
2
Let g(w) be the third derivative of -w**8/6720 + w**7/504 + w**6/144 + w**5/30 - 5*w**4/24 + 4*w**2. Let k(r) be the second derivative of g(r). Give k(6).
-2
Let y(n) = 2*n**2 + 1. Let j(a) = 9*a**2 - 5*a + 8. Let d(u) = j(u) - 5*y(u). Give d(-6).
-3
Let m = -8 + 6. Let l(r) be the first derivative of -r**6/120 - r**5/40 - r**4/12 - 2*r**3/3 + 1. Let b(h) be the third derivative of l(h). Give b(m).
-8
Let i(u) = -3*u. Let s(a) = -4*a. Let c(j) = 4*i(j) - 5*s(j). Let h = 2 + -3. Determine c(h).
-8
Let k be 9*(40/(-12) - -3). Let y(m) = m**3 + 2*m**2 - m + 2. What is y(k)?
-4
Let t(l) = -4*l + l**3 - 2*l**2 + 0*l**2 + 3*l + l**2. Let a(i) = 7*i - i**3 - i**3 - 3 + 7*i**2 - 3*i**3. Let n(v) = -a(v) - 4*t(v). What is n(4)?
7
Let h(t) = 11*t**3 + t**2 + 5*t + 3. Let w(z) = 32*z**3 + 3*z**2 + 14*z + 8. Let u(r) = 11*h(r) - 4*w(r). Calculate u(1).
-8
Let q(l) = -7*l**2 + 2*l + 5. Let m(p) = 3*p**2 - p - 2. Let v(u) = 5*m(u) + 2*q(u). Give v(3).
6
Let s(f) = -9*f**2 + f. Let u(k) = -k**2 - 13*k - 23. Let y be u(-11). What is s(y)?
-10
Let q be ((-2)/5)/((-2)/20). Let c be (q/6)/((-2)/6). Let w(t) = -t + 1. Determine w(c).
3
Let v(b) = -b**2 - 4*b + 7. Let g be v(-5). Let u(i) = 3*i**g - i**2 - i**3 - 4 + 3*i**2 + 7*i. Give u(6).
2
Let j(k) = k**3 + 9*k**2 + 6*k - 18. Let y be j(-8). Let v(i) be the second derivative of -i**4/12 - 2*i**3/3 - i**2 + i. Determine v(y).
2
Let y(z) = z**3 + 3*z - 2*z + 3 - 4. Let r(j) = 2*j**3 - j**2 + 6*j - 5. Let b(g) = r(g) - 3*y(g). What is b(2)?
-8
Let w(v) = 7*v + 10. Let k(l) = 8*l + 11. Let f(h) = -6*k(h) + 7*w(h). Calculate f(-6).
-2
Let i be ((-8)/(-6))/(18/54). Let y be 6*(i/3 + -2). Let c(j) = -j + 3. Determine c(y).
7
Let h be ((-1)/(-2))/1*8. Let y(b) = 0*b - h*b + 3*b + 7. Calculate y(5).
2
Let c(k) = 6 - 4 + k**3 + 3 + 2*k + 7 + 8*k**2. Give c(-8).
-4
Suppose 3*r - 3*n + 4 = -2, -4*n + 16 = 0. Let o(x) = -r*x - x - x + 2. Determine o(2).
-6
Let h(w) = -5*w - 2. Suppose 5*m - k - 10 = 0, -3*m + 10 = 2*m + 3*k. Give h(m).
-12
Let m(p) = p**2 + 7*p. Let k(q) = -q**2 + 7*q - 14. Let b be k(6). Let z be 0 + -1 + b/2. Determine m(z).
-10
Let d(n) = 5*n + 2. Let k(a) = -14*a - 5. Let i(m) = 11*d(m) + 4*k(m). Suppose j - 4 = 1. Determine i(j).
-3
Let i(z) = z**3 - z**2 + 3*z - 1. Let c = 6 - 3. Let x(b) = b**2 - 3*b + 2. Let a be x(c). What is i(a)?
9
Let c(x) = -x**3 - 4*x**2 - 3*x - 1. Let b be c(-3). Let u(i) = 0*i - 1 + 6*i - 4*i. Calculate u(b).
-3
Let x be -8*(-6)/(-4) - -2. Let u = 6 + x. Let v(q) = -q**2 - 5*q - 1. Give v(u).
3
Suppose 4 = -4*a - 5*r, -5*a - 2*r = -3 + 8. Let m(v) = -6*v**2 + 2*v - 2. Let n(g) = 12*g**2 - 5*g + 5. Let t(f) = 5*m(f) + 2*n(f). Give t(a).
-6
Let a(d) = -2*d - 6. Let b be a(-4). Let j(y) = -b + 2*y - y - 2. Give j(0).
-4
Let h(c) = -c**3 + 6*c**2 - 3. Let j(y) = y**3 - 7*y**2 + 3. Let b(i) = -6*h(i) - 5*j(i). Let v be b(0). Let t(r) = r**2 - r - r + 0*r**2. Determine t(v).
3
Let o(n) = -n**3 - 7*n**2 - n - 1. Suppose -x = -0 + 7. Give o(x).
6
Let i = 17 + -13. Let o(g) = g**3 - 4*g**2 - 3*g + 2. What is o(i)?
-10
Let m(d) = -d**3 + 5*d**2 + 7*d. Let n = 8 - 2. Let z be m(n). Let j(t) = z + 3*t + t**2 + 0 - t**3 - 4. Determine j(-2).
8
Let a(t) = -6*t - 7. Let o(c) = -4*c + 3. Let l(x) = x - 1. Let q(i) = 5*l(i) + o(i). Let v be q(3). Let m(g) = -g. Let b(d) = v*a(d) - 5*m(d). Calculate b(-3).
-4
Let v(r) = -5*r - 4 - 31*r**2 - 2*r**3 + 25*r**2 + 0*r**3 + r**3. Determine v(-5).
-4
Let f(a) = -a**2 + 3*a + 4. Let p be (-26)/(-6) + 25/15 + -2. Calculate f(p).
0
Let z(n) = n**3 + 2*n**2 - n + 1. Let u(i) = 1. Let w(d) = 2*u(d) + z(d). Let g(y) = -4 - 5*y - 2*y**3 + 5 + 3*y. Let c be g(1). Give w(c).
-3
Let i(s) = -s**3 - 7*s**2 - s - 3. Let v be i(-7). Let f be ((-6)/10)/(v/(-40